30*y + 10. Let m be s(-8). What is the tens digit of m/(203/(-63) + 3 + 0)?
7
Suppose 8*p + 3629 = -10787. What is the hundreds digit of (-4)/(-14) - p/14?
1
Let k = 622 + -331. What is the tens digit of k?
9
Let g(f) = -2*f + 6. Let w be g(-7). Let m = w + -17. Suppose -3*z - 56 = -8*t + 3*t, -4*z + 22 = m*t. What is the units digit of t?
0
Suppose -16 - 5 = -3*x. Let f = -4 + x. Suppose 0 = a + 2*z, f*a = -0*z - z + 10. What is the units digit of a?
4
Let s(y) = y**3 - 15*y**2 + 5*y - 20. What is the thousands digit of s(18)?
1
Suppose 3*l - 6*l - 16 = 5*d, -20 = 4*d. Let p = 1 - l. Let s = p - -5. What is the units digit of s?
3
Suppose 1043 = b + 4*z, 6*b - 11*b - 2*z + 5287 = 0. What is the hundreds digit of b?
0
Suppose -6*i - 285 = -3*i. Let d = i - -154. What is the units digit of d?
9
Let m = 31 - 30. What is the units digit of ((-9)/(-27))/(m/129)?
3
Let j = -30 + 29. What is the units digit of 0/6 - j*13?
3
Let m(x) = -5*x - 5. Let r be m(8). Let s be 2/5 - (-18)/r. Suppose -k = -s*d + 2*d - 43, -4*k + 2*d + 152 = 0. What is the tens digit of k?
3
Let v = -115 + 210. Let u = 151 + v. What is the units digit of u?
6
Let l = -14 - -12. What is the units digit of (-304)/(-52) - l/13?
6
Let i(w) = -w**3 - 11*w**2 + 104*w + 22. What is the thousands digit of i(-20)?
1
What is the tens digit of (-1963)/(-39)*6*8?
1
Let y be (-48)/5 - 6/(-10). Let r(b) = b + 8. Let c be r(y). Let m = c - -21. What is the units digit of m?
0
Suppose 3*s - 3*x = -3, 2*s - 3*x + 6 + 0 = 0. Suppose s*d - 68 = 2*d. What is the units digit of d?
8
What is the hundreds digit of (6/(-45) - (-9092)/15) + 5?
6
Let n(r) = -44*r + 33. What is the units digit of n(-3)?
5
Let t be ((-12)/(-5))/((-2)/(-5)). What is the tens digit of 73 - (-5)/((-15)/t)?
7
What is the units digit of -421*((-15)/(-5) - 4)?
1
Suppose 4*c = c + 6, -2*c + 609 = s. What is the units digit of s?
5
Suppose 0*p + 4*p = 1068. What is the hundreds digit of p?
2
Suppose -o + 440 = 3*o. Let h = o + -64. What is the units digit of h?
6
Let u(t) = 3*t + 14. Let l be u(-5). Let z be l/(-2) - 180/8. Let n = z + 29. What is the units digit of n?
7
Let b be 61/6 + (-4)/24. Let k = -7 + b. What is the tens digit of -8*(108/(-16))/k?
1
Suppose 8*b - 3*b - 2*f = 639, -f = -5*b + 642. Suppose -5*u - b = -8*u. What is the tens digit of u?
4
Let y = 11959 + -6302. What is the tens digit of y?
5
Let r be (-51)/(-1)*(-8)/(-12). Suppose -o = -w + 2, -3*w - 3*o = o - r. Let x = w - -4. What is the tens digit of x?
1
Let c be 4/14 + 72/42 + -2. Suppose c = -2*m + m + 55. What is the tens digit of m?
5
Let r(w) = 12*w. Let l be 15/25 + (-7)/(-5). Let v be (-2)/(((-4)/3)/l). What is the tens digit of r(v)?
3
Let j(a) = -10*a**3 - 5*a**2 - 11*a - 11. What is the units digit of j(-4)?
3
Let k = 13 + 2. Suppose p - t + k = 3*p, 0 = -5*p - t + 30. Suppose -3*b + 10 = q, -4*b - 3 = p. What is the tens digit of q?
1
Suppose 0 = -4*o - v + 20, 4*o - 5*v = -4. Suppose -2*m + 1 + 3 = 0, -5*r = o*m - 408. What is the tens digit of r?
8
Let g(q) be the third derivative of -q**4/24 + q**3/3 - 3*q**2. Let k be g(2). Let y(b) = b**3 - b**2 - 2*b + 3. What is the units digit of y(k)?
3
Let d(s) = 13 - 6*s**3 - 17 + 7*s**2 + 3*s**3 + 9*s + 4*s**3. What is the units digit of d(-4)?
8
Let d(r) = r - 8. Let a(w) = -w**3 + 5*w**2 - 4*w + 4. Let u be a(3). Let k be d(u). Suppose 116 = k*j + 2*j. What is the tens digit of j?
2
Let n(m) = -m**2 - 4*m. Let w be n(-2). Let d(t) = -t**2 + 5*t - 2. What is the units digit of d(w)?
2
Let y(g) = 2*g**3 - g**2 - 2*g + 3. Let m be y(1). What is the units digit of ((-15)/9)/((-76)/36 + m)?
5
Suppose 4*d + 574 - 138 = 0. Let t = d + 255. What is the hundreds digit of t?
1
Let z(a) = 2*a**3 - 3*a**2 + 20*a + 3. What is the units digit of z(9)?
8
Suppose -2*z + 4*t + 158 + 252 = 0, -10 = 5*t. What is the tens digit of z?
0
Let p = -1 + -1. What is the units digit of 7 + -3 + p - -70?
2
Suppose w - 5*w + 20 = -2*b, 5*w = -5*b - 5. Suppose w*q - 2 = 2*q. Suppose -4*l + q*l = -40. What is the units digit of l?
0
Suppose 13 = 2*u + 9. Let p be u/(-7) - 236/7. What is the units digit of 5/(-1) - -4 - p?
3
Suppose 0 = -s - 2*s + 9. Suppose 3*w - 4*v - 76 + 17 = 0, 0 = -2*w - 5*v + 70. Let g = w - s. What is the tens digit of g?
2
Let f = 1 - -197. Suppose -9*d = -1998 + f. What is the tens digit of d?
0
Let x = -103 - -102. What is the hundreds digit of 2 + x - (-1 - (-3 - -149))?
1
Suppose -3*l + 81 = -15. What is the tens digit of l?
3
Let z(v) be the first derivative of v**4 + v**3/3 - v - 8. Let m be z(1). Suppose 3*k + m*q - 26 = 0, 2*k = 5*k - 3*q - 33. What is the tens digit of k?
1
Let m(n) = 5*n**3 + 11*n**2 - 44*n + 10. What is the units digit of m(5)?
0
Let x = 1193 - 307. What is the hundreds digit of x?
8
Suppose 928 = 3*h + 2*n, -4*n + 305 = h + n. Suppose -h = -4*j - 4*p + 18, 2*j + p = 165. What is the units digit of j?
3
Suppose -11*p = -6*p - 3*o + 6, -o = -2*p - 2. Suppose 5*z - 1264 + 89 = p. What is the hundreds digit of z?
2
Let x(h) = -4 - 4*h**3 + h**2 + h - 9*h**3 + 5. Let l be -3*1/(-3)*-1. What is the tens digit of x(l)?
1
Suppose 2*x + 14 = 20. Suppose 3*l - 20 = 2*r, 5*l + x*r = 14 + 13. What is the units digit of l?
6
Let p(g) = -g**2 + 26*g - 2. What is the tens digit of p(14)?
6
Let b = 176 - -836. What is the thousands digit of b?
1
Let m(b) = 3*b + 12. Let f(w) = -4*w - 18. Let d(u) = -5*f(u) - 7*m(u). Let y be d(5). What is the tens digit of -3*y/((-2)/16)?
2
Suppose 0 = 4*r + 4*t - 12128, r + 6061 = 3*r + 5*t. What is the hundreds digit of r?
0
Suppose 57*p = 71*p - 27286. What is the hundreds digit of p?
9
Suppose -3*v - 1616 = -7*v. What is the units digit of (-4)/(-12) - v/(-3)?
5
Let c = -648 + 1232. What is the units digit of c?
4
Let d(f) = -2*f**2 + 13*f - 7. Let p(g) = g**2 - 7*g + 3. Let j(s) = -2*d(s) - 5*p(s). Let v be j(7). Suppose -2*q + v = -35. What is the units digit of q?
4
Suppose -w = 3*h - 6*w - 3638, -h - 6*w + 1228 = 0. What is the hundreds digit of h?
2
Suppose p + 4 = -p. Let q be (-64)/(-24)*15/p. Let o = -12 - q. What is the units digit of o?
8
Let b(v) = 8*v**2 + 37*v - 27. What is the tens digit of b(-14)?
2
Let l = 1624 - 1011. What is the hundreds digit of l?
6
Suppose h + 2*y + 3*y = -88, 0 = 4*h - 5*y + 277. Let r = h + 93. What is the tens digit of r?
2
Let h = -12 - -4. What is the units digit of (-260)/h*2 - 0?
5
Let i(a) = 3*a + 10. Let p be i(18). Suppose -p = -k + 4*t - t, -3*t = -4*k + 265. What is the units digit of k?
7
Let d = -1133 - -1786. What is the hundreds digit of d?
6
Suppose -2*v - 11 = -4*x - v, -4*x + 4*v = -20. Let w = 1 + x. Suppose 39 = 6*u - w*u. What is the units digit of u?
3
What is the hundreds digit of ((-2065)/21 + -4)*(-3)/1?
3
Let v = -32 + 21. Let k = 13 + v. Suppose 20 + 78 = k*o. What is the tens digit of o?
4
Suppose -9*i - 9656 + 37601 = 0. What is the tens digit of i?
0
Suppose 0*a = a - 23. Let l = 94 - a. What is the units digit of l?
1
Let v(w) = 39*w + 435. What is the tens digit of v(-10)?
4
Let p(j) = -8*j + 1 - 28*j + 2 + 4*j. What is the tens digit of p(-2)?
6
Suppose 3*s = 8*s - 3195. What is the tens digit of s?
3
Suppose -84*l + 75*l = -15039. What is the hundreds digit of l?
6
Suppose 2*f = -2*f - 5*f. What is the tens digit of 1 + f/1 + 11?
1
Let d = 1143 + -133. What is the units digit of d?
0
Suppose -x + 7 = 3*v + 1, 0 = 2*v + x - 4. What is the units digit of (-10 - -9)*(-15 - (-1 - v))?
2
Let i(r) = r**3 - 9*r**2 - 11*r + 2. Let q be i(10). What is the tens digit of (-90)/(-4) - 1/q*-4?
2
Let s = -1507 - -958. Let m be 2*5/(15/s). What is the tens digit of 15/10*m/(-9)?
6
Let f(g) be the third derivative of -g**6/120 - g**5/12 - 5*g**4/24 + 2*g**3/3 + 15*g**2. Suppose 2*p + 20 = -3*p. What is the units digit of f(p)?
8
What is the thousands digit of (-1995)/(-1) - 15/(-45)*3?
1
Suppose -5*x + 3*b - 950 = -14147, b - 10561 = -4*x. What is the tens digit of x?
4
Let f(b) = -7*b - 1. Let z be f(2). What is the hundreds digit of ((-5)/(-3) - 2) + (-1895)/z?
1
Let z(l) = l**2 + 22*l - 12. Let o be z(-28). Suppose -45*g = -48*g + o. What is the units digit of g?
2
Let c(g) = 2*g**3 + 10*g**2 + 4*g - 39. What is the hundreds digit of c(7)?
1
Let l(u) = 5*u**2 - 3*u + 7. Let d be l(12). Su